122 - (1 - c)*1 a composite number?
True
Suppose 2*c + l + 24 = 0, 8*c + 60 = 3*c - 5*l. Suppose 3*u - 2*u - 46 = 0. Let p = c + u. Is p prime?
False
Let s = 8 + -5. Suppose -5 = -5*f + 5*n, 4*f + 5*n = 5*f + s. Is (-5526)/(-22) - f/11 prime?
True
Let u be 4*3/(-15) - (-10368)/10. Let f = 1895 - u. Is f prime?
True
Let o = -12 - -13. Let c be 5 + -1*3/o. Suppose -157 = -3*d + c*d. Is d composite?
False
Let c = 214 + -18. Suppose 3*i - 192 = -3*v, -c = -5*v + 2*v + i. Is v a prime number?
False
Suppose 2*i - 2 = -f, -3*f + 0 + 16 = -4*i. Let n(w) = 2 + 10 - f + w**2 - 1 - w. Is n(6) prime?
True
Let b be (16*-8)/(((-18)/4)/(-9)). Let h = 425 + b. Is h composite?
True
Suppose -3*m - 7 = -34. Let t(j) = -j**3 + 12*j**2 - 9*j - 5. Is t(m) a composite number?
False
Suppose -s + 5*s - 2896 = 0. Suppose 0*b - 3*b = o - s, -3563 = -5*o + 4*b. Suppose 13*l + o = 18*l. Is l composite?
True
Let f be (-2)/(-8) + 73116/16. Suppose 4*t - t - 3*b - 39 = 0, 5*b = 4*t - 56. Suppose -v = 4*v - 5*z - f, -3*z - t = 0. Is v prime?
True
Suppose w = -8 + 12. Is ((-2778)/(-12))/(2/w) + 4 a prime number?
True
Let h(u) = u**3 - 3*u**2 - 5*u + 2. Let b be h(4). Let m(q) = -352*q - 3. Is m(b) a prime number?
True
Suppose 3*q - 4*v - 9053 = -3758, 3*q - v - 5304 = 0. Is q prime?
False
Let f = -1144 + 1757. Let w = 1632 - f. Is w composite?
False
Let u = -15 + 12. Is (1/u)/(27/(-26811)) a composite number?
False
Let t(l) = 40*l**2 + 4*l - 4. Let m be t(1). Is 67724/m + 4/(-40) a prime number?
True
Suppose -3*f - 5*w + 6566 = -w, 2*f - 4376 = -3*w. Is f prime?
False
Suppose 384 = -0*u - 2*u. Let o = 349 + u. Is o prime?
True
Suppose 6*p = 2*p + 6020. Suppose h - 6*h - p = 0. Let b = 550 + h. Is b a prime number?
False
Let g = 38 + -35. Let u be (14/3)/((-1)/g). Is (-5694)/u + (-8)/(-28) composite?
True
Let k = -13 - -13. Suppose -y = -k*y + 5. Let c(f) = -f**2 - 6*f + 6. Is c(y) a prime number?
True
Let k = 1314 + -654. Suppose 8*b = -5*d + 3*b + 810, 4*d = -b + k. Is (d/4)/(5/10) composite?
False
Is (11/(-3))/(4/(-25332)) prime?
False
Suppose 42*p = 43564 - 1186. Is p a composite number?
False
Let a = 987 + 3124. Is a a composite number?
False
Suppose -w = -n - 40077, 2*w - 92*n + 89*n - 80150 = 0. Is w prime?
False
Suppose 5*p = 0, 5*k - 921 = -2*p + 934. Is k a composite number?
True
Let n = 77 + -49. Let d(l) = -l**2 + 32*l - 50. Is d(n) prime?
False
Let w(c) = 13*c**3 + 2*c**2 - 10. Is w(7) prime?
True
Is 5 + 1376640/108*30/4 composite?
True
Is 5 + (-44740)/(-25) - (-6)/15 a prime number?
False
Suppose d - 5*a + 1883 = -0*d, 2*a + 3706 = -2*d. Is d/(-6) - 6/9 prime?
False
Let r = -869 - -10092. Is r a prime number?
False
Suppose -7*f + 220 - 12519 = 0. Let j = f - -2634. Is j prime?
True
Let i(g) = -2*g**2 + g - 2. Let k be i(1). Let m be ((-4)/5)/(k/75). Suppose -m = -o - 4*o. Is o a composite number?
True
Let v(t) = -t**3 - 5*t**2 + 19*t + 12. Suppose -2*w = -0*w + 3*z + 20, w - 5*z + 23 = 0. Is v(w) a prime number?
True
Is (814/(9 + 2))/((-2)/(-373)) prime?
False
Let k(s) = s**2 - 10*s - 1. Let r be k(6). Let q = r - -94. Is q composite?
True
Let g = 27763 - 17764. Suppose -4*z = -g - 3005. Is z a prime number?
True
Suppose -13*k = -9*k + 380. Let l = k + 790. Is l prime?
False
Let v = 10857 - -344. Is v a composite number?
True
Let x(t) = -t**3 - 9*t**2 - 3. Let j(h) = 0 + 4 + 4 + 8*h**2 - 6. Let m(s) = -6*j(s) - 5*x(s). Is m(3) composite?
True
Suppose 4*j - 50 + 154 = r, 4*r = -3*j - 59. Is (-7665)/j + 4/10 a prime number?
True
Let t(p) = p - 3. Let r be t(8). Suppose -5*d + 92 = -n - 78, -r*n - 829 = -4*d. Let i = n - -682. Is i a prime number?
False
Suppose -120*f + 122*f = 8614. Is f prime?
False
Suppose 3*y - 2*y + 376 = -4*h, -y - 416 = -4*h. Let r = -239 - y. Is r prime?
True
Let z = 6 - 12. Let i be (4833/z + 1)*-2. Let g = -1056 + i. Is g prime?
False
Suppose -3*s = 1608 - 7011. Is s a composite number?
False
Let n(f) be the third derivative of 11*f**4/24 + 2*f**3/3 - 4*f**2. Is n(5) composite?
False
Suppose -3*t + 0 - 9 = 3*j, -t = -4*j - 22. Suppose 2*w = -5*z + t*z - 12, 3*w + 5*z = -20. Let n(s) = s + 331. Is n(w) prime?
True
Is ((-444)/333)/(8/(-773142)) prime?
True
Let d be (1/2)/(2/8). Suppose d*q - 3*q + 4 = 0. Suppose o = -q*o + 185. Is o a prime number?
True
Suppose 0 = -2*u + 10, -2*y + 5*u + 494 = -199. Suppose p + y = 9. Let j = -159 - p. Is j composite?
False
Is (5/15)/(3/12942) a prime number?
False
Let p(j) = 2037*j**2 + 26*j - 14. Is p(3) a composite number?
False
Let p = 76672 - 49913. Is p composite?
False
Let z(k) = k**2 - 16*k - 32. Suppose 0 = 19*g + 466 + 9. Is z(g) a composite number?
True
Suppose -n - 5*o = -6*o - 8, o = 4*n - 17. Suppose l = -5*k + 398 + 350, -438 = -3*k + n*l. Is k composite?
False
Let v(w) = 7*w**3 + 7*w**2 - 9*w + 29. Is v(8) composite?
False
Suppose -2*o - 3*b + 1297 - 285 = 0, 0 = 2*o - 4*b - 998. Is o composite?
False
Let p = -3535 - -5174. Suppose -p = -3*z - 478. Suppose -z = -n - 92. Is n prime?
False
Let s be (-167)/(-11) - (-20)/(-110). Let a = -12 + s. Suppose a*b = 2*b + 53. Is b composite?
False
Suppose -14 + 2 = -4*l. Suppose -5*d = l*v + 10, 5*d = -0*d + 2*v + 15. Is 6270/40 + d/4 a prime number?
True
Let o = 2063 - -348. Is o a composite number?
False
Suppose -5*u + 27 = -63. Let m be 84/u - 2/(-6). Suppose -571 = -2*o + 2*r + 47, -10 = m*r. Is o composite?
False
Let y(k) = 19*k**2 + k - 3. Let x be 1/2*(-192)/12. Is y(x) a prime number?
False
Let j be (0 + 1)/(9/18). Let m be -2 - j*(-57)/(-6). Let z = 14 - m. Is z composite?
True
Suppose -9*f - 22135 = -4*f. Let v = f - -7080. Is v a prime number?
False
Let n be 3/2*(-16)/12. Is (1 + n)*(-57 - 2) prime?
True
Let z be ((-5)/3)/(4/(-12)). Suppose z*x - g - 2082 = 0, 0 = -6*x + x + 2*g + 2079. Is x composite?
True
Suppose -4*x = -x - 18. Let b(a) = -a**2 + 6*a + 3. Let n be b(x). Suppose j = n*j - 148. Is j composite?
True
Suppose -2*b + 4*q - 1949 = -5*b, -2*b + 1311 = 5*q. Let a = b + -444. Let k = a + 58. Is k a prime number?
True
Let o be 0 - 693/(2/(-2)). Let l = o + -333. Suppose 2*k + 2*y = 976, -2*y - 1089 = -3*k + l. Is k a composite number?
True
Let g(v) = v + 1. Suppose 24*w - 29*w = 0. Let h be g(w). Is (12/(-3) - -159)/h a prime number?
False
Suppose -4*w - 2*w + 750 = 0. Suppose x = -o - 235, -5*o = x + 102 + w. Let m = x - -656. Is m prime?
True
Let x = 17 - 4. Suppose 865 = f - x. Is f prime?
False
Let i be 2457/((-2)/(-2)) + (-16)/(-16). Suppose 17396 = 14*u + i. Is u a composite number?
True
Let c(t) = t**2 - 8*t - 253. Suppose 0 = 3*s + s + 24. Let f(v) = 2*v**2 - 15*v - 506. Let j(o) = s*f(o) + 11*c(o). Is j(0) prime?
False
Let t be (-1)/(12/(-8))*12/1. Suppose -4*i + c = -1777, -3*c + t*c + 25 = 0. Is i a composite number?
False
Let d = -536 + 5691. Is d a prime number?
False
Suppose 29*f = 12*f + 8534. Is f a composite number?
True
Let k(v) be the third derivative of 1/120*v**6 + 0*v + 1/6*v**3 - 9*v**2 + 13/24*v**4 + 0 + 11/60*v**5. Is k(-9) prime?
False
Let h(x) = -5*x**2 - 5*x + 14. Let s be h(6). Let c be (-1019)/(-3) - (-2)/(-3). Let n = s + c. Is n a prime number?
False
Suppose -8*w - 9564 = 4428. Let u = w - -3230. Is u a prime number?
True
Is 6/(-14) + 48604/203 a prime number?
True
Let f(w) = 2*w + 2. Let h = 16 + -14. Let u be f(h). Let a(l) = 38*l - 5. Is a(u) a prime number?
True
Let o(x) = x**3 - x**2 - x - 2. Let l be o(2). Suppose -7*u - 1082 + 3931 = l. Is u prime?
False
Suppose -2*d + 68 = 2*t, t = -2*d - d + 40. Is t a prime number?
True
Is (46558/12)/(10/60)*1 a composite number?
False
Suppose 12*g = 31 - 7. Suppose -3*u - g*u = -1195. Is u a composite number?
False
Suppose -4*z + 7860 = -6904. Is z a composite number?
False
Let a be (-8)/(-2) + (-70)/(-2). Suppose 2*t - a = 109. Is t a composite number?
True
Suppose -52*u + 368068 = 24*u. Is u a prime number?
False
Let g = -7119 - -16352. Is g a composite number?
True
Let x(d) = 246*d - 17. Is x(5) prime?
True
Let u(z) = -6 + 5 - 2 - 13*z. Is u(-5) a composite number?
True
Suppose -4*x + 5*u + 92 = 0, 0 = -2*x + 5*u - 0*u + 56. Let v be -1 + (0 - (-5 - 0)). Let f = x + v. Is f a prime number?
False
Suppose 16 = 4*t + 2*s, 0 = 2*t - 0*s - 5*s + 16. Suppose -4*x = t*r + 6994, -2*x = 2*x + r + 6997. Let b = -1177 - x. Is b a prime number?
False
Let u(f) = 